Let j be 2*(-2)/(-4) + 4. Suppose 3*r = j*r - 6. Suppose -8*d + 395 = -r*d. Is d composite?
False
Suppose c + 1 = 0, -2*s - s + 5*c = -14. Is s - (-3 - 1071) - 4 prime?
False
Let o(f) = 48*f**2 + f. Suppose 0 = -5*x - 4*g + 7, -g + 6*g + 22 = 4*x. Suppose -x + 11 = 4*i. Is o(i) a prime number?
False
Let t = -7388 + 18385. Is t prime?
False
Let d(o) = -27*o**2 + 3*o - 3. Let r(n) = -80*n**2 + 9*n - 8. Let a(y) = 11*d(y) - 4*r(y). Is a(-4) prime?
True
Let p(m) be the third derivative of m**5/60 + 7*m**4/24 - 5*m**3/2 + 4*m**2. Let i be p(-9). Suppose 0 = t + i, -3*w - 3*t + 210 = -30. Is w prime?
True
Suppose -2*f - 13 + 3 = 0. Let j be 1/(-5) + (-1851)/f. Suppose 0*o - j = -2*o. Is o composite?
True
Suppose 0*v - 6*v = -12. Suppose v*s + 3 + 4 = -j, 0 = -j + 5. Is (16/(-20))/(s/705) a prime number?
False
Is 4992 + (-5 - -10)/(4 + -5) a composite number?
False
Let y be ((-1)/(-4 + 3))/1*-39. Is 0 + 6/y - 8168/(-26) a prime number?
False
Suppose -a + 4*j - j + 175 = 0, -a + 151 = 5*j. Suppose -3*l + 2006 = -c, -4*c - 499 = -l + a. Is l prime?
False
Suppose -7234 = 3*o - 72175. Is o composite?
False
Let n = -1404 - -722. Let f = 89 - n. Is f prime?
False
Suppose -3*n - 2*x + 6683 = 0, -5*n + 8*n - 6708 = 3*x. Is n a prime number?
False
Suppose 0 = 3*p - 3 - 9. Suppose 1411 + 37 = -p*l. Let z = -127 - l. Is z composite?
True
Let y = -2516 - -4027. Is y prime?
True
Let t be (1 - -1)/(12/30*1). Suppose 0 = -5*q - p + 3352, -706 + 50 = -q - t*p. Is q prime?
False
Suppose -4*d + 10 = -2*d. Is (-1 + d)*2629/44 prime?
True
Let d(y) = 2*y**2 - 10*y + 6. Let l(h) = h**2 - 10*h + 5. Let j(s) = 2*d(s) - 3*l(s). Is j(-14) prime?
True
Suppose -2232 = -2*d - b, -639 = -d - 4*b + 470. Is d prime?
True
Let z be 3459*(-1)/(-21) - (-2)/7. Suppose 25*l - 20*l = z. Is l composite?
True
Suppose 3*f + 2*f = -50. Let d(t) = -t**2 - 10*t + 3. Let o be d(f). Suppose 3*k - 4*i = 251, -i - i + 275 = o*k. Is k composite?
False
Suppose -3*t + 19*w + 78030 = 20*w, 4*w = 2*t - 52006. Is t composite?
True
Suppose 2*z = -6*m + 2*m + 22, 3*z = -2*m + 33. Suppose 0*j - 5522 = -z*j. Is j prime?
False
Let p(y) = -5*y**2 + 5*y - 2. Let m(l) = l**2 - l - 1. Let h(w) = -3*m(w) - p(w). Is h(-5) prime?
False
Suppose -29*n = -12*n - 1369027. Is n composite?
True
Suppose 0 = 3*o + 3, -3*o = -2*u + 2*o + 9. Is (-11)/(u/(1 - 75)) prime?
False
Suppose 0 = 25*x - 17715 + 490. Is x a composite number?
True
Suppose -5*b - 3*i + 21 = -2*b, -5*b - 15 = -5*i. Suppose -2*g = -4, -2*x - b*g + 97 + 461 = 0. Is x composite?
False
Let n = 11 - 40. Let m = 486 - 142. Let b = m - n. Is b a composite number?
False
Let o(y) = -369*y**2 - 6*y + 6. Let b be o(4). Is (-5 - b/(-12))*-14 a composite number?
True
Let y(h) be the first derivative of -h**5/8 + h**4/24 + 2*h**3/3 + 6. Let p(w) be the third derivative of y(w). Is p(-8) prime?
False
Suppose -2*j + j = 3*s - 15872, 5*j = -s + 5300. Suppose -2*w + 1108 = o + 47, s = 5*o + 5*w. Is o a prime number?
False
Let n(r) = r**3 + 10*r**2 + 4*r + 8. Let s(h) = -h**2 + h - 7. Let v be s(2). Is n(v) prime?
True
Is (3898/16)/((-151)/(-1208)) composite?
False
Let r = -5632 - -7959. Is r composite?
True
Suppose -5*h - 16 = x - 5*x, 0 = -2*h - x + 4. Suppose 4*r + 12 - 28 = h. Is (-1)/(-2)*(314 + r) prime?
False
Suppose -5*a + 379 = n, 0*n + 5*a + 818 = 2*n. Let h = 716 - n. Is h a composite number?
False
Suppose -4*v + 2333 = 4*c - 183, -4*v = -4*c + 2548. Is c a composite number?
True
Suppose 24*g = 33*g - 86193. Is g prime?
False
Let m = -5151 + 18380. Is m a prime number?
True
Let u(s) = -3293*s + 277. Is u(-9) composite?
True
Let j = -5749 + 9991. Suppose -154 = -4*a + j. Is a a composite number?
True
Suppose -536 = -2*g + 2*k - 0*k, -4*k - 807 = -3*g. Let j = 952 + g. Is j a prime number?
True
Suppose 12 = 4*t - 4*n, -2*n - 2 = 2*t + 4. Suppose t = o, p - o = 4*p - 777. Is p a prime number?
False
Suppose -5*a + 5*p + 25 = 0, 5 = 2*a - 3*a - 4*p. Suppose 2*y - 4866 = 4*z, -2*y + 4862 = z - a*z. Is y a composite number?
True
Is 4*(6/8 - 1)*-815 a prime number?
False
Suppose -9*t + 5*t + 5672 = 0. Suppose -37*b = -39*b + t. Is b composite?
False
Let d(c) = -2*c**3 + 11*c**2 - 4*c + 4. Let l be d(5). Suppose 0 = l*a - 3*a - 1338. Is a prime?
True
Let w = 12279 - -23430. Is w prime?
False
Let p(g) = 33*g**3 + 4*g**2 + 64. Is p(7) a composite number?
False
Is (-4)/(-9) - (-197813)/441 a prime number?
True
Suppose 2*r = -0*r + 44. Let p = r - 14. Suppose -1198 = p*j - 10*j. Is j a composite number?
False
Is (6/(-4))/1*(-2105480)/156 a prime number?
False
Suppose 7*d = 3*d. Suppose -f + d = -5. Suppose 0 = f*n + 4*z - 0*z - 1255, 753 = 3*n + z. Is n prime?
True
Let j(c) = 9*c**3 - 31*c**2 + 60*c + 17. Let x(a) = 5*a**3 - 16*a**2 + 30*a + 9. Let s(t) = -6*j(t) + 11*x(t). Is s(-12) prime?
False
Let a be (28/6)/(10/(-15)). Let u = 24 - a. Is u a composite number?
False
Let u = 696 - 420. Suppose -1053 - u = -3*c. Is c prime?
True
Let x(l) = -4*l**3 + 11*l**2 + 12*l - 38. Is x(-13) prime?
True
Let r = 1551 + -920. Is r prime?
True
Let n = -5 - -5. Suppose -4*w + 4*v = -n*w - 652, 0 = 4*v - 20. Let o = 261 - w. Is o composite?
True
Suppose -3*p + 3*x = 3, 4*p = -0*p + 2*x. Is (32362/(-66))/((-1)/3*p) prime?
True
Let p be (1/(-2))/(1/(-4)). Suppose -3*z - 1 = p*w - 11, 0 = z + 4*w. Suppose -2*a + 74 = -3*j, 3 = 3*a - z*j - 110. Is a a composite number?
False
Let k(b) = b + 1. Suppose 3 = -v + 4*v. Let y(i) = -26*i - 7. Let w(t) = v*y(t) + 2*k(t). Is w(-7) composite?
False
Suppose 3*x + 23 = -0*x - 4*u, -5*x + 10 = -3*u. Let a = x + 5. Suppose 1065 = 5*m - 3*w, 0*m - 852 = -a*m + w. Is m a prime number?
False
Let u = 7 + -8. Let o(d) = -2*d**3 + d**2. Let j be o(u). Is ((-406)/3)/((-2)/j) a composite number?
True
Suppose 5*m = -3*l - 790, 3*l - 3*m = -762 + 12. Let v = -96 - l. Is v a prime number?
False
Suppose 3*o + m = 129, -4*m - 56 = -3*o + 2*o. Suppose 2*q + o = 6*q. Suppose 0*n - 2*w - 22 = -2*n, -n + 2*w = -q. Is n prime?
True
Let g(d) = -d**3 + 12*d**2 - 19*d + 17. Let m(j) = j**2 - 5*j - 11. Let b be m(8). Let q be g(b). Let k = 700 + q. Is k a prime number?
False
Let b(d) = -d**3 - d**2 - d + 1. Let o(y) = -y**3 - 7*y + 8. Let l(c) = 3*b(c) - o(c). Let x = -35 + 31. Is l(x) composite?
False
Let n be 46/(-14) - (-6)/21 - -1097. Let h = 1847 - n. Is h composite?
True
Let l(a) = 3792*a**2 + a + 2. Let z = -62 - -61. Is l(z) a composite number?
False
Is (-73)/219*(-59862)/2 a composite number?
True
Suppose 3 = 2*z - 5. Suppose f = -2 + z. Is (-159 + f/1)/(-1) a prime number?
True
Suppose 3*q = 12937 - 1942. Is q a prime number?
False
Suppose 0 = 3*u + u - 8. Suppose 3*d = u*d + 101. Suppose -d = -p - 34. Is p composite?
False
Is (-7 + (-180)/(-24))*(0 - -3818) composite?
True
Suppose -4 = h - 3*h. Let b(q) = 13 - 8 + 0 - 3*q + q**h. Is b(-11) prime?
False
Suppose 0 = 5*z - 1 + 16. Let s(b) = -237*b - 2. Is s(z) a prime number?
True
Suppose f + 22951 = 2*j, 69*f - 71*f + 6 = 0. Is j a composite number?
True
Let l(o) = 7*o - 9*o + 2*o**2 + 6*o. Let b be l(3). Is (1635/b)/((-1)/(-2)) prime?
True
Suppose 6*a + 7001 = 19505. Let l = -1395 + a. Is l a prime number?
False
Let v(w) = -w**3 + 5*w - 2 + 3*w**3 - 4*w + 4*w**2. Let h be v(-2). Let j(d) = 2*d**2 - 5*d - 6. Is j(h) composite?
True
Let x = 660 - 343. Is x a composite number?
False
Suppose 200*y - 198*y - 5534 = 0. Is y composite?
False
Let b = 270 + -493. Let q be 6/(-39) + b/(-13). Let w = 96 - q. Is w a composite number?
False
Let u(j) = -4704*j**3 - 3*j**2 - 14*j - 12. Is u(-1) a composite number?
False
Let b(d) = 116*d - 207. Is b(31) a composite number?
False
Let i be (-6)/(72/(-51)) - 2/8. Suppose 711 = i*s - 2541. Is s a prime number?
False
Suppose 2*y - 84471 = -y + 6*j, -5*j + 140755 = 5*y. Is y a composite number?
True
Let n(i) = -9*i + 39197. Is n(0) prime?
False
Let p be 2 + 1 + -1 - -1. Suppose 5*i = p*u + 278, 3*i - 2*i - 4 = 0. Let y = 145 + u. Is y composite?
False
Let s(r) = -3*r**3 - 50*r**2 - 26*r - 20. Is s(-21) prime?
False
Let a(f) = -1 - 6 + 3 + 5 + 491*f. Is a(2) prime?
True
Is (-139341)/(-27) + 22/99 prime?
False
Let j(g) = 13*g**2 + g + 8. Let r be j(-4). Let u be r/(-36) - 2/18. Is (u + 239)/(1 - 0) prime?
True
Let h be (-19)/((-566)/(-2030) + 20/(-70)). Suppose -5*b = c - 1193, 3*b = -4*